ainder when 558746 is divided by 1635.
1211
Calculate the remainder when 23187133 is divided by 1656222.
25
Calculate the remainder when 289434 is divided by 75.
9
Calculate the remainder when 3468578 is divided by 867087.
230
What is the remainder when 194047 is divided by 306?
43
What is the remainder when 188624490 is divided by 19?
14
What is the remainder when 34623 is divided by 3049?
1084
Calculate the remainder when 790881 is divided by 5272.
81
What is the remainder when 4110 is divided by 3148?
962
Calculate the remainder when 26507842 is divided by 5301568.
2
Calculate the remainder when 102234 is divided by 53.
50
What is the remainder when 715601 is divided by 10078?
63
What is the remainder when 1010702 is divided by 2839?
18
Calculate the remainder when 1780469 is divided by 1314.
1313
What is the remainder when 3517109 is divided by 879263?
57
Calculate the remainder when 1479321 is divided by 208.
25
What is the remainder when 9239449 is divided by 6?
1
What is the remainder when 81905584 is divided by 34?
26
What is the remainder when 56333 is divided by 2037?
1334
Calculate the remainder when 949244 is divided by 766.
170
What is the remainder when 1518164 is divided by 353?
264
What is the remainder when 583874 is divided by 7258?
3234
Calculate the remainder when 2560566 is divided by 235.
6
Calculate the remainder when 42322 is divided by 21058.
206
What is the remainder when 3684288 is divided by 9257?
2
What is the remainder when 340234 is divided by 1232?
202
Calculate the remainder when 29400850 is divided by 7310.
30
What is the remainder when 1728349 is divided by 3693?
25
What is the remainder when 13888543 is divided by 1543?
0
Calculate the remainder when 88520 is divided by 632.
40
Calculate the remainder when 30351719 is divided by 161.
160
What is the remainder when 67229261 is divided by 698?
693
Calculate the remainder when 56395400 is divided by 283.
9
What is the remainder when 8330254 is divided by 11107?
4
Calculate the remainder when 330352 is divided by 330216.
136
Calculate the remainder when 343279 is divided by 68612.
219
Calculate the remainder when 319019721 is divided by 505578.
3
What is the remainder when 233091 is divided by 11088?
243
What is the remainder when 3806348 is divided by 899?
881
What is the remainder when 276222 is divided by 255?
57
What is the remainder when 108522210 is divided by 20?
10
Calculate the remainder when 111869051 is divided by 2229.
2228
What is the remainder when 287844 is divided by 220?
84
What is the remainder when 22053314 is divided by 134?
130
Calculate the remainder when 6052976 is divided by 54.
8
What is the remainder when 1208600 is divided by 256?
24
What is the remainder when 428589 is divided by 214164?
261
What is the remainder when 4543996 is divided by 38?
32
Calculate the remainder when 24391914 is divided by 982.
16
What is the remainder when 13198439 is divided by 150?
89
What is the remainder when 295262 is divided by 4100?
62
Calculate the remainder when 40705116 is divided by 7.
4
What is the remainder when 743887 is divided by 23?
21
Calculate the remainder when 53631 is divided by 16028.
5547
What is the remainder when 29521326 is divided by 445?
26
What is the remainder when 348531787 is divided by 11132?
11131
Calculate the remainder when 99969232 is divided by 67.
6
Calculate the remainder when 9275163 is divided by 331255.
23
What is the remainder when 161075 is divided by 32188?
135
Calculate the remainder when 1295111 is divided by 1298.
1005
Calculate the remainder when 513880 is divided by 64210.
200
What is the remainder when 10020850 is divided by 2505199?
54
What is the remainder when 13662131 is divided by 332?
331
Calculate the remainder when 11931230 is divided by 2587.
2573
What is the remainder when 5153289 is divided by 848?
841
What is the remainder when 18642868 is divided by 5689?
15
Calculate the remainder when 939286 is divided by 377.
179
What is the remainder when 2286033 is divided by 8697?
7419
What is the remainder when 17662 is divided by 477?
13
What is the remainder when 795061 is divided by 1329?
319
Calculate the remainder when 63977 is divided by 63555.
422
What is the remainder when 150207435 is divided by 171?
9
Calculate the remainder when 2276377 is divided by 7439.
43
Calculate the remainder when 278974150 is divided by 5039.
5032
Calculate the remainder when 93408 is divided by 1515.
993
What is the remainder when 1252343 is divided by 1858?
51
Calculate the remainder when 1318201 is divided by 424.
409
What is the remainder when 538347 is divided by 1391?
30
Calculate the remainder when 53917891 is divided by 14.
13
Calculate the remainder when 13608190 is divided by 139.
90
What is the remainder when 2170245 is divided by 372?
369
Calculate the remainder when 686084 is divided by 16.
4
What is the remainder when 121080 is divided by 1273?
145
What is the remainder when 3521149 is divided by 55?
49
What is the remainder when 9907801 is divided by 85412?
9
What is the remainder when 331428 is divided by 27531?
1056
Calculate the remainder when 316328 is divided by 9680.
6568
Calculate the remainder when 49445 is divided by 4488.
77
What is the remainder when 535022 is divided by 67?
27
Calculate the remainder when 371366 is divided by 137.
96
Calculate the remainder when 117035 is divided by 405.
395
What is the remainder when 24777 is divided by 1342?
621
What is the remainder when 272565 is divided by 1002?
21
Calculate the remainder when 44395989 is divided by 734.
733
Calculate the remainder when 48728885 is divided by 1100.
1085
What is the remainder when 263597622 is divided by 87865873?
3
What is the remainder when 172155 is divided by 57253?
396
What is the remainder when 12853 is divided by 12347?
506
Calculate the remainder when 32831318 is divided by 10943770.
8
What is the remainder when 3493494 is divided by 196?
186
Calculate the remainder when 163724090 is divided by 43.
42
Calculate the remainder when 3345064 is divided by 557503.
46
What is the remainder when 3108985 is divided by 2884?
33
What is the remainder when 338981 is divided by 514?
255
What is the remainder when 109832831 is divided by 1295?
1291
What is the remainder when 3310056 is divided by 44134?
6
What is the remainder when 20208 is divided by 1877?
1438
What is the remainder when 337168 is divided by 70?
48
What is the remainder when 818319 is divided by 527?
415
Calculate the remainder when 87410173 is divided by 15.
13
Calculate the remainder when 153650467 is divided by 372035.
12
What is the remainder when 1347267 is divided by 20727?
12
Calculate the remainder when 13954414 is divided by 4651457.
43
What is the remainder when 123468 is divided by 1469?
72
Calculate the remainder when 108033028 is divided by 3909.
3904
Calculate the remainder when 1020026 is divided by 2008.
1970
What is the remainder when 118031 is divided by 38834?
1529
Calculate the remainder when 362693 is divided by 1888.
197
What is the remainder when 21446058 is divided by 2128?
74
Calculate the remainder when 62557265 is divided by 10.
5
What is the remainder when 11543444 is divided by 972?
944
What is the remainder when 29309 is divided by 4159?
196
Calculate the remainder when 381115 is divided by 2153.
34
Calculate the remainder when 37723 is divided by 871.
270
What is the remainder when 53494 is divided by 717?
436
Calculate the remainder when 1558960 is divided by 777465.
4030
Calculate the remainder when 8369262 is divided by 101.
99
What is the remainder when 543819966 is divided by 2752?
2750
Calculate the remainder when 903033 is divided by 4086.
27
What is the remainder when 49895043 is divided by 9997?
16
Calculate the remainder when 646773167 is divided by 6.
5
Calculate the remainder when 337856 is divided by 4389.
4292
Calculate the remainder when 3039481 is divided by 2685.
61
Calculate the remainder when 12573087 is divided by 736.
735
Calculate the remainder when 233227 is divided by 4966.
4791
Calculate the remainder when 533252 is divided by 19.
17
What is the remainder when 1267662 is divided by 1090?
1082
Calculate the remainder when 112303 is divided by 660.
103
What is the remainder when 2873 is divided by 243